76?
10
What is the remainder when 12560676 is divided by 5548?
4
Calculate the remainder when 1063938 is divided by 1063933.
5
What is the remainder when 910365 is divided by 1125?
240
What is the remainder when 2843420 is divided by 432?
428
What is the remainder when 27123 is divided by 5089?
1678
Calculate the remainder when 248622 is divided by 49512.
1062
Calculate the remainder when 685560 is divided by 86.
54
What is the remainder when 758512 is divided by 2847?
1210
Calculate the remainder when 18594 is divided by 3713.
29
Calculate the remainder when 33550266 is divided by 830.
6
What is the remainder when 3051565 is divided by 293?
263
Calculate the remainder when 944558 is divided by 870.
608
What is the remainder when 1199595 is divided by 239704?
1075
What is the remainder when 911182 is divided by 5419?
790
What is the remainder when 139169181 is divided by 61?
60
What is the remainder when 10932388 is divided by 1128?
940
Calculate the remainder when 3004322 is divided by 130619.
85
Calculate the remainder when 63119179 is divided by 763.
4
Calculate the remainder when 107288 is divided by 35744.
56
What is the remainder when 28650 is divided by 1985?
860
What is the remainder when 146189 is divided by 765?
74
What is the remainder when 1850343 is divided by 925043?
257
What is the remainder when 285605 is divided by 1552?
37
What is the remainder when 245163 is divided by 30644?
11
What is the remainder when 1465912 is divided by 732455?
1002
What is the remainder when 36310 is divided by 323?
134
What is the remainder when 292409 is divided by 2810?
169
What is the remainder when 214994 is divided by 4395?
4034
What is the remainder when 366511 is divided by 3003?
145
What is the remainder when 904989 is divided by 8302?
71
What is the remainder when 213835 is divided by 274?
115
Calculate the remainder when 1835423 is divided by 4497.
647
Calculate the remainder when 1917825 is divided by 2436.
693
What is the remainder when 1553209 is divided by 99?
97
Calculate the remainder when 33785072 is divided by 3.
2
What is the remainder when 781383 is divided by 1017?
327
What is the remainder when 185591 is divided by 61706?
473
Calculate the remainder when 5640092 is divided by 28.
24
Calculate the remainder when 720957 is divided by 67.
37
What is the remainder when 6227614 is divided by 110?
74
Calculate the remainder when 46869205 is divided by 939.
898
Calculate the remainder when 147601 is divided by 248.
41
Calculate the remainder when 7874215 is divided by 91560.
55
Calculate the remainder when 103256536 is divided by 1309.
1307
What is the remainder when 954704 is divided by 312?
296
What is the remainder when 6144605 is divided by 7898?
7859
What is the remainder when 1087021 is divided by 1220?
1
Calculate the remainder when 3990528 is divided by 569982.
654
What is the remainder when 3639594 is divided by 51257?
347
What is the remainder when 160223515 is divided by 115?
110
Calculate the remainder when 6533164 is divided by 312.
196
What is the remainder when 182385026 is divided by 124?
122
What is the remainder when 125954345 is divided by 13?
10
Calculate the remainder when 27512265 is divided by 9170746.
27
What is the remainder when 740778 is divided by 740708?
70
What is the remainder when 58639613 is divided by 1792?
1789
Calculate the remainder when 1516066 is divided by 741.
721
What is the remainder when 139974 is divided by 4619?
1404
What is the remainder when 7802035 is divided by 21?
10
Calculate the remainder when 345065 is divided by 345062.
3
Calculate the remainder when 366715104 is divided by 27.
24
Calculate the remainder when 2395783 is divided by 2883.
10
Calculate the remainder when 31051510 is divided by 1633.
15
What is the remainder when 172584 is divided by 57520?
24
Calculate the remainder when 30227 is divided by 13413.
3401
What is the remainder when 251422 is divided by 50133?
757
What is the remainder when 631394 is divided by 3740?
3074
What is the remainder when 49061975 is divided by 321?
14
Calculate the remainder when 316179 is divided by 1620.
279
Calculate the remainder when 695126 is divided by 3260.
746
What is the remainder when 202846761 is divided by 33?
18
What is the remainder when 189840 is divided by 521?
196
Calculate the remainder when 48366766 is divided by 136.
134
What is the remainder when 12626890 is divided by 293648?
26
What is the remainder when 166030 is divided by 2100?
130
Calculate the remainder when 14817406 is divided by 556.
6
What is the remainder when 50466 is divided by 2278?
350
Calculate the remainder when 73828 is divided by 22636.
5920
Calculate the remainder when 96551 is divided by 94373.
2178
What is the remainder when 1181785928 is divided by 9?
5
What is the remainder when 375515922 is divided by 41?
38
What is the remainder when 8838338 is divided by 14?
12
Calculate the remainder when 122878107 is divided by 74.
71
What is the remainder when 232168 is divided by 5788?
648
What is the remainder when 19597164 is divided by 20848?
44
What is the remainder when 2767430 is divided by 2417?
2382
Calculate the remainder when 33573 is divided by 181.
88
Calculate the remainder when 20754920 is divided by 8396.
8
Calculate the remainder when 1153098 is divided by 1848.
1794
What is the remainder when 53185263 is divided by 154?
131
What is the remainder when 118738 is divided by 29535?
598
What is the remainder when 93309 is divided by 811?
44
Calculate the remainder when 690469 is divided by 717.
715
Calculate the remainder when 1432652 is divided by 294.
284
What is the remainder when 285766 is divided by 37?
15
What is the remainder when 8405361 is divided by 11?
8
What is the remainder when 36291049 is divided by 26184?
25
What is the remainder when 76558 is divided by 76542?
16
Calculate the remainder when 353316 is divided by 39245.
111
What is the remainder when 589737 is divided by 45326?
499
Calculate the remainder when 281622 is divided by 2087.
1964
What is the remainder when 287940 is divided by 241?
186
What is the remainder when 59095 is divided by 909?
10
What is the remainder when 20508430 is divided by 3216?
3214
Calculate the remainder when 4442519 is divided by 370206.
47
Calculate the remainder when 1724185 is divided by 174.
19
What is the remainder when 49938089 is divided by 314076?
5
What is the remainder when 549897 is divided by 109?
101
What is the remainder when 4423897 is divided by 205?
202
What is the remainder when 31929 is divided by 1628?
997
What is the remainder when 36289 is divided by 12084?
37
Calculate the remainder when 33669 is divided by 8274.
573
What is the remainder when 470950 is divided by 161?
25
What is the remainder when 52391658 is divided by 14?
4
Calculate the remainder when 2072905 is divided by 62.
59
What is the remainder when 289728 is divided by 9361?
8898
Calculate the remainder when 59789 is divided by 1296.
173
Calculate the remainder when 35811773 is divided by 364.
361
Calculate the remainder when 144723 is divided by 69534.
5655
What is the remainder when 67642575 is divided by 265265?
0
What is the remainder when 298966 is divided by 705?
46
What is the remainder when 9527400 is divided by 158?
0
What is the remainder when 207106 is divided by 366?
316
Calculate the remainder when 15575753 is divided by 17.
13
Calculate the remainder when 22368865 is divided by 3728135.
55
Calculate the remainder when 10777784 is divided by 532.
528
What is the remainder when 69111 is divided by 103?
101
Calculate the remainder when 381889555 is divided by 581.
579
What is the remainder when 927835 is divided by 54578?
9
What is the remainder when 248253 is divided by 4281?
4236
What is the remainder when 369387 is divided by 1657?
1533
Calculate the remainder when 2209281 is divided by 951.
108
What is the remainder when 1405296 is divided by 1626?
432
What is the remainder when 16528857 is divided by 8264408?
41
What is the remainder when 125406 is divided by 1543?
423
What is the remainder when 467730 is divided by 233856?
18
What is the remainder when 269293 is divided by 33?
13
What is the remainder when 10232975 is divided by 29575?
25
What is the remainder when 195469 is divided by 1086?
1